{"id":124,"date":"2025-11-04T18:56:45","date_gmt":"2025-11-04T18:56:45","guid":{"rendered":"https:\/\/elsubte.com.uy\/?page_id=124"},"modified":"2025-11-06T00:58:03","modified_gmt":"2025-11-06T00:58:03","slug":"quienes-somos","status":"publish","type":"page","link":"https:\/\/elsubte.com.uy\/index.php\/quienes-somos\/","title":{"rendered":"Quienes Somos"},"content":{"rendered":"\t\t<div data-elementor-type=\"wp-post\" data-elementor-id=\"124\" class=\"elementor elementor-124\" data-elementor-post-type=\"page\">\n\t\t\t\t<div class=\"elementor-element elementor-element-076b77e e-flex e-con-boxed e-con e-parent\" data-id=\"076b77e\" data-element_type=\"container\">\n\t\t\t\t\t<div class=\"e-con-inner\">\n\t\t\t\t<div class=\"elementor-element elementor-element-a6d291c elementor-widget elementor-widget-image\" data-id=\"a6d291c\" data-element_type=\"widget\" data-widget_type=\"image.default\">\n\t\t\t\t\t\t\t\t\t\t\t\t\t\t\t<img fetchpriority=\"high\" decoding=\"async\" width=\"1024\" height=\"457\" src=\"https:\/\/elsubte.com.uy\/wp-content\/uploads\/2025\/11\/y7-1024x457.jpg\" class=\"attachment-large size-large wp-image-241\" alt=\"\" srcset=\"https:\/\/elsubte.com.uy\/wp-content\/uploads\/2025\/11\/y7-1024x457.jpg 1024w, https:\/\/elsubte.com.uy\/wp-content\/uploads\/2025\/11\/y7-300x134.jpg 300w, https:\/\/elsubte.com.uy\/wp-content\/uploads\/2025\/11\/y7-768x342.jpg 768w, https:\/\/elsubte.com.uy\/wp-content\/uploads\/2025\/11\/y7.jpg 1397w\" sizes=\"(max-width: 1024px) 100vw, 1024px\" \/>\t\t\t\t\t\t\t\t\t\t\t\t\t\t\t<\/div>\n\t\t\t\t\t<\/div>\n\t\t\t\t<\/div>\n\t\t<div class=\"elementor-element elementor-element-09506cd e-flex e-con-boxed e-con e-parent\" data-id=\"09506cd\" data-element_type=\"container\">\n\t\t\t\t\t<div class=\"e-con-inner\">\n\t\t\t\t<div class=\"elementor-element elementor-element-c3267d6 elementor-widget elementor-widget-heading\" data-id=\"c3267d6\" data-element_type=\"widget\" data-widget_type=\"heading.default\">\n\t\t\t\t\t<h2 class=\"elementor-heading-title elementor-size-default\">Quienes Somos.<\/h2>\t\t\t\t<\/div>\n\t\t\t\t\t<\/div>\n\t\t\t\t<\/div>\n\t\t<div class=\"elementor-element elementor-element-84b8217 e-flex e-con-boxed e-con e-parent\" data-id=\"84b8217\" data-element_type=\"container\">\n\t\t\t\t\t<div class=\"e-con-inner\">\n\t\t\t\t<div class=\"elementor-element elementor-element-3a17c88 elementor-widget elementor-widget-text-editor\" data-id=\"3a17c88\" data-element_type=\"widget\" data-widget_type=\"text-editor.default\">\n\t\t\t\t\t\t\t\t\t<div class=\"et_pb_row et_pb_row_0\"><div class=\"et_pb_column et_pb_column_4_4 et_pb_column_0  et_pb_css_mix_blend_mode_passthrough et-last-child\"><div class=\"et_pb_module et_pb_text et_pb_text_0  et_pb_text_align_left et_pb_bg_layout_light\"><div class=\"et_pb_text_inner\"><p>Desde 2010 trabajamos en servicios de mudanzas y guardamuebles. <br \/>Nuestra trayectoria y experiencia en el rubro habla por nosotros.<br \/>En un edificio de cuatro plantas, especialmente construido para depositar, sin riesgos de humedad, polillas, etc. Sus muebles estar\u00e1n en el dep\u00f3sito m\u00e1s moderno, limpio y seguro de nuestro medio, estrat\u00e9gicamente situado en una zona c\u00e9ntrica. Usted mismo lo puede visitar y lo ponemos a vuestra entera disposici\u00f3n.<\/p><\/div><\/div><\/div><\/div><div class=\"et_pb_row et_pb_row_1\"><div class=\"et_pb_column et_pb_column_1_3 et_pb_column_1  et_pb_css_mix_blend_mode_passthrough\"><div class=\"et_pb_module et_pb_blurb et_pb_blurb_0  et_pb_text_align_center  et_pb_blurb_position_top et_pb_bg_layout_light\"><div class=\"et_pb_blurb_content\"><div class=\"et_pb_main_blurb_image\"><span style=\"color: #000000;\"><strong>Misi\u00f3n<\/strong><\/span><\/div><div class=\"et_pb_blurb_container\"><div class=\"et_pb_blurb_description\"><p>Brindar el servicio mejor y m\u00e1s completo del mercado basado en nuestra experiencia.<br \/>De esta manera ser parte de los cambios de cada familia y cada empresa, compartiendo emp\u00e1ticamente la soluci\u00f3n.<\/p><\/div><\/div><\/div><\/div><\/div><div class=\"et_pb_column et_pb_column_1_3 et_pb_column_2  et_pb_css_mix_blend_mode_passthrough\"><div class=\"et_pb_module et_pb_blurb et_pb_blurb_1  et_pb_text_align_center  et_pb_blurb_position_top et_pb_bg_layout_light\"><div class=\"et_pb_blurb_content\"><div class=\"et_pb_main_blurb_image\">\u00a0<\/div><div class=\"et_pb_blurb_container\"><h4 class=\"et_pb_module_header\">Visi\u00f3n<\/h4><div class=\"et_pb_blurb_description\"><p>Ser parte del colectivo social, acompa\u00f1ando los cambios de manera activa.<br \/>Siempre juntos tanto a la nueva,\u00a0como a la tradicional familia Uruguaya<\/p><\/div><\/div><\/div><\/div><\/div><div class=\"et_pb_column et_pb_column_1_3 et_pb_column_3  et_pb_css_mix_blend_mode_passthrough et-last-child\"><div class=\"et_pb_module et_pb_blurb et_pb_blurb_2  et_pb_text_align_center  et_pb_blurb_position_top et_pb_bg_layout_light\"><div class=\"et_pb_blurb_content\"><div class=\"et_pb_main_blurb_image\"><span style=\"color: #000000;\"><strong>Valores<\/strong><\/span><\/div><div class=\"et_pb_blurb_container\"><div class=\"et_pb_blurb_description\"><p>Seriedad<br \/>Profesionalismo<br \/>Innovaci\u00f3n<br \/>Ejecutividad<\/p><\/div><\/div><\/div><\/div><\/div><\/div>\t\t\t\t\t\t\t\t<\/div>\n\t\t\t\t\t<\/div>\n\t\t\t\t<\/div>\n\t\t\t\t<\/div>\n\t\t","protected":false},"excerpt":{"rendered":"<p>Quienes Somos. Desde 2010 trabajamos en servicios de mudanzas y guardamuebles. Nuestra trayectoria y experiencia en el rubro habla por nosotros.En un edificio de cuatro plantas, especialmente construido para depositar, sin riesgos de humedad, polillas, etc. Sus muebles estar\u00e1n en el dep\u00f3sito m\u00e1s moderno, limpio y seguro de nuestro medio, estrat\u00e9gicamente situado en una zona [&hellip;]<\/p>\n","protected":false},"author":1,"featured_media":0,"parent":0,"menu_order":0,"comment_status":"closed","ping_status":"closed","template":"elementor_header_footer","meta":{"footnotes":""},"class_list":["post-124","page","type-page","status-publish","hentry","entry"],"_links":{"self":[{"href":"https:\/\/elsubte.com.uy\/index.php\/wp-json\/wp\/v2\/pages\/124","targetHints":{"allow":["GET"]}}],"collection":[{"href":"https:\/\/elsubte.com.uy\/index.php\/wp-json\/wp\/v2\/pages"}],"about":[{"href":"https:\/\/elsubte.com.uy\/index.php\/wp-json\/wp\/v2\/types\/page"}],"author":[{"embeddable":true,"href":"https:\/\/elsubte.com.uy\/index.php\/wp-json\/wp\/v2\/users\/1"}],"replies":[{"embeddable":true,"href":"https:\/\/elsubte.com.uy\/index.php\/wp-json\/wp\/v2\/comments?post=124"}],"version-history":[{"count":10,"href":"https:\/\/elsubte.com.uy\/index.php\/wp-json\/wp\/v2\/pages\/124\/revisions"}],"predecessor-version":[{"id":248,"href":"https:\/\/elsubte.com.uy\/index.php\/wp-json\/wp\/v2\/pages\/124\/revisions\/248"}],"wp:attachment":[{"href":"https:\/\/elsubte.com.uy\/index.php\/wp-json\/wp\/v2\/media?parent=124"}],"curies":[{"name":"wp","href":"https:\/\/api.w.org\/{rel}","templated":true}]}}